5401509 composite?
False
Is 5173448407 prime?
True
Is 101806709 prime?
False
Is 26221703999 a prime number?
False
Is 320219299 a prime number?
True
Is 5754506941 a composite number?
False
Is 24025070409 composite?
True
Is 314777327 composite?
False
Is 95345472667 prime?
True
Is 403982723 a composite number?
True
Is 56524960309 prime?
False
Is 718495889 a prime number?
True
Is 16110162233 a composite number?
True
Is 6039019997 a composite number?
True
Is 62423154793 a composite number?
True
Is 132759479639 prime?
False
Is 988904003 prime?
True
Is 1776800323 a composite number?
False
Is 36560540735 prime?
False
Is 876927554 a composite number?
True
Is 163756907 a prime number?
True
Is 595537193 a composite number?
False
Is 5316893 a composite number?
False
Is 111792218819 a prime number?
False
Is 692798063 prime?
True
Is 148622086447 composite?
True
Is 48719821 composite?
False
Is 19947311071 a prime number?
False
Is 19971119231 composite?
True
Is 2382437921 prime?
True
Is 4918377241 prime?
True
Is 9702204601 prime?
False
Is 676227953 a prime number?
True
Is 358843483 composite?
False
Is 4133724239 prime?
False
Is 36998829097 composite?
True
Is 1230714367 composite?
False
Is 33163129919 a prime number?
False
Is 4495926109 a prime number?
False
Is 1322921003 a composite number?
False
Is 5766805643 prime?
False
Is 1053542297 a prime number?
True
Is 273139597 composite?
False
Is 38948544421 a composite number?
True
Is 838824919 prime?
True
Is 85300073 composite?
True
Is 375679273 a prime number?
False
Is 8788810333 prime?
False
Is 35247833909 a prime number?
False
Is 15382589191 composite?
False
Is 232935631 composite?
False
Is 1523735129 a composite number?
True
Is 4879858843 a prime number?
False
Is 38934846413 prime?
True
Is 57106097129 prime?
False
Is 166791134 a prime number?
False
Is 7614385019 prime?
True
Is 9705017701 composite?
True
Is 14002982381 prime?
True
Is 1532511661 composite?
False
Is 41538083533 a composite number?
False
Is 924877577 a composite number?
True
Is 11408801597 composite?
True
Is 5632685593 composite?
False
Is 3426878881 a composite number?
True
Is 1540336537 composite?
True
Is 1016280647 prime?
True
Is 40780373401 prime?
True
Is 751306237 a prime number?
False
Is 71841371851 a composite number?
True
Is 14265758167 prime?
False
Is 41108822219 composite?
True
Is 185486026657 a prime number?
True
Is 43116517321 composite?
False
Is 217992979 composite?
False
Is 2687301973 a composite number?
False
Is 353465561 a prime number?
False
Is 3299711711 composite?
False
Is 1919435777 a prime number?
False
Is 8911406957 a prime number?
False
Is 837467089 composite?
True
Is 131715818173 composite?
True
Is 15502339003 a prime number?
True
Is 45546759649 a prime number?
True
Is 71867562937 composite?
False
Is 4293840281 a composite number?
False
Is 268134188591 composite?
False
Is 4174210357 prime?
False
Is 22761296783 prime?
True
Is 1619312854 prime?
False
Is 3779812489 a prime number?
True
Is 26996258221 a composite number?
True
Is 1270396873 prime?
True
Is 4690570915 a composite number?
True
Is 6435211103 a composite number?
False
Is 2958084677 a composite number?
True
Is 11684585681 a prime number?
False
Is 1281516337 a composite number?
False
Is 2812065671 a prime number?
True
Is 400943593 prime?
True
Is 149820287311 a prime number?
False
Is 64143281 composite?
True
Is 12019759 a composite number?
False
Is 223170527 a prime number?
True
Is 44880956299 a composite number?
True
Is 638811809 composite?
True
Is 66411863147 a composite number?
True
Is 2658176177 a composite number?
True
Is 3121674937 a composite number?
False
Is 483443153 prime?
False
Is 11535454741 a composite number?
True
Is 1221621151 a composite number?
False
Is 155966431 composite?
False
Is 198958801 prime?
True
Is 17738705953 composite?
True
Is 5948488633 composite?
False
Is 5464673779 composite?
False
Is 605809549 prime?
False
Is 1450543303 prime?
False
Is 399163811 a prime number?
True
Is 2700407921 prime?
False
Is 321991 a prime number?
True
Is 27782295701 composite?
False
Is 244880445363 a composite number?
True
Is 636315469 composite?
True
Is 394280681 composite?
False
Is 88201902053 prime?
True
Is 11656691437 a composite number?
False
Is 27202797883 composite?
True
Is 602516977 prime?
True
Is 236343372581 a prime number?
False
Is 14745134597 composite?
True
Is 4285218323 a prime number?
True
Is 4028615627 prime?
True
Is 2677262779 a prime number?
False
Is 45470627 a composite number?
False
Is 2135520311 a prime number?
True
Is 21319065479 composite?
False
Is 6951230743 prime?
True
Is 35964773051 a prime number?
True
Is 10237085567 a composite number?
False
Is 892833911 prime?
False
Is 9504201257 prime?
True
Is 477808891 a composite number?
True
Is 1549304699 prime?
True
Is 2862973117 prime?
False
Is 491340757 a composite number?
True
Is 20766515233 a prime number?
False
Is 36003544151 a composite number?
False
Is 3209262829 prime?
True
Is 51694518823 prime?
False
Is 807735538 prime?
False
Is 20311958549 prime?
True
Is 1168169617 prime?
False
Is 56084699291 composite?
True
Is 1430795455 a composite number?
True
Is 123140513 prime?
False
Is 97806186899 composite?
False
Is 1519834609 a composite number?
False
Is 40210416773 composite?
True
Is 3700020881 composite?
False
Is 3934324579 prime?
False
Is 17306199563 a prime number?
False
Is 114351714223 composite?
True
Is 24871248001 a prime number?
True
Is 1181135651 a composite number?
False
Is 2001483791 prime?
True
Is 19350585347 composite?
False
Is 243322301 a composite number?
True
Is 10101267391 prime?
True
Is 159413351 composite?
True
Is 259857229 a composite number?
False
Is 2559442982 composite?
True
Is 42056821661 a prime number?
False
Is 668428063 prime?
True
Is 22452361 composite?
False
Is 42639429095 prime?
False
Is 10555969549 prime?
True
Is 1610480063 prime?
True
Is 1886047139 prime?
False
Is 686356141 composite?
True
Is 8835952891 a composite number?
True
Is 54628593 prime?
False
Is 172923601 composite?
False
Is 13900231571 a composite number?
True
Is 4852938203 prime?
True
Is 157223083 prime?
False
Is 21135360527 a prime number?
True
Is 7096219759 composite?
False
Is 495905258 composite?
True
Is 44276562131 a composite number?
False
Is 8572791299 a composite number?
False
Is 11023133491 a prime number?
True
Is 18367025899 prime?
True
Is 155057671 composite?
True
Is 131007365 prime?
False
Is 5582887279 a composite number?
True
Is 25904481571 a prime number?
True
Is 13336936453 composite?
True
Is 205236099209 composite?
False
Is 37394570287 prime?
True
Is 26247040823 a prime number?
False
Is 20425548001 a prime number?
False
Is 22046039669 a prime number?
True
Is 4692873649 a composite number?
True
Is 2877359151 composite?
True
Is 903561917 composite?
True
Is 126360861287 a composite number?
False
Is 1395273083 prime?
False
Is 239094143 prime?
True
Is 39396115747 composite?
True
Is 38432816173 a prime number?
True
Is 1248957359 prime?
False
Is 1968451027 composite?
False
Is 37756483627 prime?
False
Is 34456039921 prime?
True
Is 169240567 a prime number?
True
Is 171977755 a prime number?
False
Is 14092398247 a composite number?
False
Is 2509629559 a composite number?
True
Is 71415569 prime?
True
Is 1118370241 composite?
True
Is 849809813 a composite number?
False
Is 6730515971 a prime number?
False
Is 52925225621 a composite number?
True
Is 168292439 a composite number?
True
Is 168702693553 composite?
False
Is 10318894187 composite?
True
Is 1197500539 composite?
False
Is 39884206657 prime?
False
Is 12151294619 a prime number?
False
Is 15288055169 prime?
False
Is 27076505683 prime?
True
Is 16523676913 a composite number?
True
Is 489716869 a prime number?
False
Is 1528245517 composite?
False
Is 9435379123 a prime number?
True
Is 22101700211 prime?
True
Is 39832016401 composite?
False
Is 3237336701 prime?
True
Is 11575836479 composite?
False
Is 8249840549 composite?
False
Is 13034859631 composite?
True
Is 13338377009 prime?
True
Is 16300387693 a composite number?
False
Is 116642951 a composite number?
False
Is 9935197583 prime?
True
Is 5036697919 a prime number?
False
Is 3056809166 a prime number?
False
Is 680095657 a composite number?
False
Is 4784977963 a prime number?
True
Is 649723913 a prime